 + 6*p(y). Suppose 40 = 2*l + 3*l. Let s = l + -7. Give w(s).
-6
Let j(d) = 5*d - 2. Let o be (-1)/4 - 85/(-20). Suppose -o*m + 10 = m. What is j(m)?
8
Let u(p) = p**2 + 4*p - 9. Let a be u(-7). Let y(c) = a - 7 + 2*c + 1. Calculate y(-5).
-4
Let m(u) = u**3 + 6*u**2 + 2*u - 3. Suppose 4 = -2*y, -6*y + y = 4*f + 30. Calculate m(f).
12
Let h = 9 + -5. Let c(y) = -y**2 + 4*y. Let g(k) = k**2 - 4*k. Let f(u) = 5*c(u) + 6*g(u). Give f(h).
0
Let s(f) be the second derivative of -f**8/6720 + f**7/630 - f**6/240 - f**5/120 - f**4/4 + 3*f. Let x(d) be the third derivative of s(d). Give x(3).
-1
Let c(y) be the second derivative of -y**4/12 - 2*y**3/3 - 3*y**2/2 - 2*y. What is c(-4)?
-3
Let v(k) = -k + 1. Let j be 2 - (-7)/(14/4). Give v(j).
-3
Let j(a) = -3 + a + 8 - 1. Let o(d) = d**2 - d + 4. Let b(z) = -2*z**2 + 2*z - 9. Let p(r) = -6*b(r) - 13*o(r). Let u be p(3). Determine j(u).
0
Let h(a) = -a**3 - 2*a**2 + 2*a + 1. Suppose -2*u = u + 39. Let b = u + 7. Let o = b - -4. What is h(o)?
-3
Let w be (1 - 1)/((-3)/1). Let f(b) = b**2 - 3 + w - 3*b - 2 + 0. Determine f(5).
5
Let g(c) = -5*c**3 + 11*c**2 + 3*c + 2. Let f(s) = -4*s**3 + 10*s**2 + 3*s + 2. Let b = -6 + 0. Let r(l) = b*f(l) + 5*g(l). Determine r(-4).
-6
Let v(i) = 2*i**2 + 7*i + 4. Suppose 0 = 6*d - 5*d + 4. Determine v(d).
8
Let i(c) = -3*c - 1. Let y = 23 - 16. Let s(l) = -l**2 + 7*l - 1. Let g be s(y). Give i(g).
2
Suppose -5*w + 25 = -5*t, -w - 4*w + 19 = -2*t. Let r(j) = j**2 + j + 1. Let z(v) = 2*v**2 + 4*v + 5. Let o(h) = -3*r(h) + z(h). What is o(w)?
-4
Let f(q) = 4*q. Suppose -8*y = -4*y. Suppose 0 = -2*n - 2*p + 2 - y, -3*p - 1 = -n. Give f(n).
4
Let r(v) = -v - 2. Let d be r(-3). Let b(q) = -3*q**3 - 1. Let u be b(d). Let j(l) = -l**3 - 4*l**2 + 4. Calculate j(u).
4
Let y(s) = s**2 + 3*s + 2. Let u = -13 - -18. Suppose 4*q - 5*p = -0*p - 1, -3 = -3*q + u*p. Calculate y(q).
6
Let t(r) = r - 4. Suppose -5*x + 2*k = -14, -3*x + 8 = 2*x - 4*k. Suppose x*o = 14 + 6. Suppose 4*h - 10 = 2*n, -3*h + 6*h + o = -n. Calculate t(h).
-4
Let m(j) = j**3 + 5*j**2 + 3*j. Let t(s) = -s**3 - 6*s**2 + 9*s + 9. Let a be t(-7). What is m(a)?
-15
Suppose -3*f = 7 + 5. Let q = -6 - f. Let u(a) = 2*a**2 + 1. Let g(p) = p**2 + p + 1. Let k(i) = g(i) - u(i). Determine k(q).
-6
Suppose -1 = -3*u + 5. Let b(w) = w**3 - 3*w**2 + 2*w - 4. Let g be b(3). Let p(l) = 3*l**2 + l**2 + 1 - g*l - 3*l**2. Determine p(u).
1
Let z = 1 - 0. Let i(y) = 4*y**3 - 2*y**2 + 3*y**2 - 2*y**2 + z. Let l(w) = w**2 + 6*w + 6. Let c be l(-5). What is i(c)?
4
Let a(g) = -7*g + 1. Let o be -1 + (-2 - -7 - 2). Let b(f) = f**2 - 8*f + 6. Let m be b(7). Let w = m + o. Give a(w).
-6
Let p(t) = -15*t**2 - t. Suppose 3*c - 5*c - 2 = 0. Give p(c).
-14
Let a(c) be the second derivative of c**4/12 + c**3 + 2*c. Let z be (22/(-4))/((-3)/6). Suppose -5*l = -5*o + z - 41, -4*o = -l + 24. What is a(o)?
0
Suppose -30 = 7*q - 12*q. Let m(t) = t**2 - 7*t + 3. Determine m(q).
-3
Let x(t) = 0*t - 5*t**2 + 0*t**2 - 3*t + t**2 + t**3 + 6. Suppose 2*h + 0 = 8. What is x(h)?
-6
Let x(n) be the first derivative of n**4/12 - n**3 - 3*n**2 + 2*n - 2. Let o(h) be the first derivative of x(h). Let f be (2/6)/((-6)/(-108)). Determine o(f).
-6
Suppose 4*o + 34 = 2*u, -5*u - 6*o + 2*o + 15 = 0. Suppose 0 = -5*t + u - 2. Let k(f) = -8*f. Calculate k(t).
-8
Let v(n) = n + 1. Let w(p) = -p**2 + 5*p. Let x be (3 + -6)/(6/(-8)). Let f be w(x). Give v(f).
5
Let w(v) be the third derivative of -v**4/12 - 5*v**3/3 - 6*v**2. What is w(-8)?
6
Let k(v) = -2*v - 5. Let p(u) = -u. Let f(b) = -k(b) + 4*p(b). Calculate f(4).
-3
Suppose -5*h = 25, 2*h = -4*u + 3*u - 15. Let z = -7 - u. Let k = -5 - z. Let x(s) = -s**2 - 3*s + 1. What is x(k)?
1
Let q(l) = -l + 1. Suppose f = -2, -2*f + 0*f = -3*d + 16. Let j(b) = 11*b**3 + 1. Let a be j(1). Suppose -a = d*i - 4. Calculate q(i).
3
Let s be (6/3)/(6/3). Let u(l) = -5*l**3 - l**2 - l + 1. What is u(s)?
-6
Let o(h) = h**2 + 8*h - 1. Let z = 30 - 36. Calculate o(z).
-13
Let l(n) = n**2 - 3*n - 4*n - 2 + 5*n + 0. Let x(g) = g + 1. Suppose -j - 2*j = 9. Let z be x(j). Calculate l(z).
6
Let u(t) = -5*t. Let z(b) = -b**2 - 4*b + 1. Suppose -4 + 0 = -2*a. Let v = a + -6. Let l be z(v). Determine u(l).
-5
Let p(v) = -7*v**2 - 10*v + 6. Let c(i) = 3*i**2 + 5*i - 3. Let n(k) = -5*c(k) - 2*p(k). Let z = 16 + -20. Calculate n(z).
7
Let m(p) = -3*p**3 - 9*p**2 - 7*p + 19. Let a(v) = -v**3 - 3*v**2 - 2*v + 6. Let z(i) = -7*a(i) + 2*m(i). Give z(-3).
-4
Let h(n) = n**2 - n + 1. Let w(l) = -l**2 - l + 1. Let o(a) = -h(a) + w(a). Let c be (-3 - -6)/(-3) - -3. Calculate o(c).
-8
Let n be ((-8)/(-2))/(2 + 0). Let o(u) = -1. Let v(j) = j - 4. Let z(r) = -4*o(r) + v(r). Determine z(n).
2
Let w(t) = 5*t + 7. Let c(i) = -2*i - 4. Let k(a) = -5*c(a) - 3*w(a). What is k(1)?
-6
Let x = -66 - -67. Let g(a) = -3*a. Determine g(x).
-3
Let l(y) = -y**3 - 7*y**2 - 6*y + 5. Let a be l(-6). Suppose 5*g - 3*k = -0*g - 5, -a*g = -4*k. Let b(m) = m - 1. Determine b(g).
-5
Let z = 6 + -3. Let r be (2/z)/(1/(-3)). Let f(m) = 2*m**2 + 0*m - 5*m**2 - 2*m**3 - 1 - m. Give f(r).
5
Let x(m) be the second derivative of -4*m**3/3 + m. Let r = -9 + 15. Let k be r/(-12)*(1 + 1). Give x(k).
8
Let u = -8 - -6. Let c(w) = 8*w - 1. Let n(a) = 9*a - 2. Let g(j) = 5*c(j) - 4*n(j). Let l be g(u). Let i(s) = s**2 + 7*s + 1. Determine i(l).
-9
Let v(u) be the third derivative of u**5/60 + u**4/8 - u**3/3 - 34*u**2. What is v(-4)?
2
Suppose 5*u = -3*j - 4, -4 - 32 = 2*j - 5*u. Let v(l) = l**2 + 8*l + 2. What is v(j)?
2
Let z(m) = m**3 + 11*m**2 + 11*m + 6. Let v be z(-10). Let w(k) = -2*k + 1. What is w(v)?
9
Suppose -3*k + 12 = -k. Let b(o) be the third derivative of o**5/60 - o**4/4 + o**3 + 27*o**2. What is b(k)?
6
Let u(p) be the third derivative of 0 - 1/6*p**3 - 3*p**2 + 0*p + 1/24*p**4. Calculate u(3).
2
Let a(g) = -g**2 + 3. Suppose -2*q - 2*l - 21 = l, -2*l - 13 = q. Determine a(q).
-6
Suppose t = 2*t - 2. Let h(c) = -c**2 + 2*c + 1. Let j be h(t). Let s(z) = -z + 6*z + z. Determine s(j).
6
Let p be -1*0*2/4. Suppose -3*y - 2 = 3*z - 11, -2*y + 4*z = p. Let o(a) = 4*a**2 - 5*a**y + 3*a + 1 + 4. Give o(5).
-5
Suppose 0 = 5*l - 2*i + 4, 2*l + 2*l + 8 = 4*i. Suppose l*a = -2*a. Let m(n) = n**3 - n - 6. Calculate m(a).
-6
Let f(p) = -p**3 - 5*p**2 - p - 5. Let c be f(-5). Suppose k + k = c. Let s(u) = u**3 - u**2 + u - 11. What is s(k)?
-11
Suppose -1 = 2*m - 5. Let x(j) = -3 + 2*j - j + 0*j - 3*j - m*j**3 - 3*j**2. Calculate x(-2).
5
Let m(q) = q**3 - 5*q**2 - q + 4. Let g be 4 - (-4 - -6) - -3. Determine m(g).
-1
Let t(n) = -n**3 + n - 1. Let r(j) = 3*j**3 + 7*j**2 + 4*j - 2. Let u(p) = r(p) + 2*t(p). Suppose -6*h + 2*h = 24. What is u(h)?
-4
Let h(a) = -a**3 + 6*a**2 - 6*a - 1. Let o(z) = -z**2 + 10*z - 11. Let j be o(8). Let g(m) = -m**2 + 6*m. Let b be g(j). What is h(b)?
-6
Let m(x) = x**2 + 5*x - 2. Let g = -12 + 21. Let k = g - 14. Calculate m(k).
-2
Let q(g) = -g**2 - 7*g - 5. Let i(m) = m**3 - 6*m**2 + 5*m + 4. Suppose -r - 2*r = -15. Let v be i(r). Suppose 0 = v*o + 14 + 6. What is q(o)?
5
Suppose n - 6 = 4*n. Let b be (-2 - (2 + -2))*n. Let x(a) = 4 + a - b*a + 0*a + 2*a. Determine x(-4).
8
Let k(n) = n**2 + 3*n - 4. Suppose 5*o - 17 = 3*f + 24, 2 = -2*f - 3*o. Give k(f).
24
Let b(x) = -x**2 + 7*x + 2. Let f = 3 - -4. Give b(f).
2
Let g(h) = -6*h**3 + 6*h**2 - 4*h + 4. Let q(a) = 5*a**3 - 6*a**2 + 3*a - 3. Let v(t) = -4*g(t) - 5*q(t). Determine v(6).
5
Suppose 0*u - 2*u = -4. Suppose -n = -3*n + 6. Let v(y) = -4*y**2 + 0*y**u - 2 - 5*y + 2*y**n - y**3. Calculate v(5).
-2
Let w(q) = -3*q + 17. Let t(j) = 16*j - 86. Let h(b) = 2*t(b) + 11*w(b). What is h(12)?
3
Let y be -1*(6 + (1 - 2)). Let i = -8 - y. Let h(p) = -p**2 + 4*p - 1. Let d(u) = u**2 - 3*u. Let r(z) = -4*d(z) - 3*h(z). Give r(i).
-6
Let x(u) be the first derivative of -u**2/2 + 3*u - 3. Calculate x(5).
-2
Let s be (1 - 0)*(10 + -6). Let b(q) = 3*q**2 + q + 6 - 2*q**2 + 0*q. Let o(c) = -c - 1. Let a(f) = s*o(f) + b(f). Determine a(3).
2
Let p be 1/1*1 - -2. Suppose 0 = 6*h - p*h - 9. Let k(i) = -4*i + 3*i**2 - 4 - i**2 + 7*i - i**h. What is k(3)?
-4
Let n(s) be the third derivative of 0*s + 5*s**2 - 1/6*s**3 + 0 + 1/24*s**4. Give n(5).
4
Let a(y) = -1 - 2*y + 0 - 3*y + 6*y. Let b(i) = -i + 1. Let c = 2 +